{"id":4307,"date":"2017-07-12T19:55:20","date_gmt":"2017-07-12T19:55:20","guid":{"rendered":"https:\/\/2017.transeuropafestival.eu\/speakers\/gesine-schwan\/"},"modified":"2017-10-04T20:18:34","modified_gmt":"2017-10-04T20:18:34","slug":"gesine-schwan","status":"publish","type":"portfolio","link":"https:\/\/2017.transeuropafestival.eu\/es\/speakers\/gesine-schwan\/","title":{"rendered":"GESINE SCHWAN"},"content":{"rendered":"<p>PONENTE<\/p>\n<p>Gesine Schwan es profesora alemana de ciencias pol\u00edticas y miembro del Partido Socialdem\u00f3crata de Alemania. El partido est\u00e1 nominado para las elecciones presidenciales federales.<\/p>\n","protected":false},"excerpt":{"rendered":"<p>PONENTE Gesine Schwan es profesora alemana de ciencias pol\u00edticas y miembro del Partido Socialdem\u00f3crata de Alemania. El partido est\u00e1 nominado para las elecciones presidenciales federales.<\/p>\n","protected":false},"featured_media":3729,"comment_status":"open","ping_status":"closed","template":"","tags":[],"portfolio_entries":[52],"class_list":["post-4307","portfolio","type-portfolio","status-publish","has-post-thumbnail","hentry","portfolio_entries-saturday-es"],"_links":{"self":[{"href":"https:\/\/2017.transeuropafestival.eu\/es\/wp-json\/wp\/v2\/portfolio\/4307","targetHints":{"allow":["GET"]}}],"collection":[{"href":"https:\/\/2017.transeuropafestival.eu\/es\/wp-json\/wp\/v2\/portfolio"}],"about":[{"href":"https:\/\/2017.transeuropafestival.eu\/es\/wp-json\/wp\/v2\/types\/portfolio"}],"replies":[{"embeddable":true,"href":"https:\/\/2017.transeuropafestival.eu\/es\/wp-json\/wp\/v2\/comments?post=4307"}],"version-history":[{"count":0,"href":"https:\/\/2017.transeuropafestival.eu\/es\/wp-json\/wp\/v2\/portfolio\/4307\/revisions"}],"wp:featuredmedia":[{"embeddable":true,"href":"https:\/\/2017.transeuropafestival.eu\/es\/wp-json\/wp\/v2\/media\/3729"}],"wp:attachment":[{"href":"https:\/\/2017.transeuropafestival.eu\/es\/wp-json\/wp\/v2\/media?parent=4307"}],"wp:term":[{"taxonomy":"post_tag","embeddable":true,"href":"https:\/\/2017.transeuropafestival.eu\/es\/wp-json\/wp\/v2\/tags?post=4307"},{"taxonomy":"portfolio_entries","embeddable":true,"href":"https:\/\/2017.transeuropafestival.eu\/es\/wp-json\/wp\/v2\/portfolio_entries?post=4307"}],"curies":[{"name":"wp","href":"https:\/\/api.w.org\/{rel}","templated":true}]}}

<p>PONENTE</p>
<p>Gesine Schwan es profesora alemana de ciencias políticas y miembro del Partido Socialdemócrata de Alemania. El partido está nominado para las elecciones presidenciales federales.</p>

<p>PONENTE Gesine Schwan es profesora alemana de ciencias políticas y miembro del Partido Socialdemócrata de Alemania. El partido está nominado para las elecciones presidenciales federales.</p>
