{"id":4904,"date":"2017-09-06T14:03:17","date_gmt":"2017-09-06T14:03:17","guid":{"rendered":"https:\/\/2017.transeuropafestival.eu\/speakers\/walter-palmetshofer\/"},"modified":"2017-10-04T19:14:15","modified_gmt":"2017-10-04T19:14:15","slug":"walter-palmetshofer","status":"publish","type":"portfolio","link":"https:\/\/2017.transeuropafestival.eu\/es\/speakers\/walter-palmetshofer\/","title":{"rendered":"WALTER PALMETSHOFER"},"content":{"rendered":"<div>\n<p>Walter Palmetshofer fue administrador de sistemas en el Ars Electronica Center, trabaj\u00f3 durante 5 a\u00f1os como CTO de The Thing \/ thing.net y varios proyectos de arte y netactivismo en Nueva York, recopil\u00f3 varias experiencias iniciales, en datos abiertos desde 2010, estudi\u00f3 econom\u00eda y actualmente se encuentra en la Open Knowledge Foundation en Alemania.<\/p>\n<hr \/>\n<p><strong>Walter Palmetshofer intervendr\u00e1 el jueves a las 16:30h en el Auditorio CentroCentro: &#8216;<a href=\"https:\/\/2017.transeuropafestival.eu\/es\/eventos\/evasion-fiscal-un-problema-europeo\/\">La evasi\u00f3n fiscal, una cuesti\u00f3n europea<\/a>&#8216;<\/strong><\/p>\n<\/div>\n","protected":false},"excerpt":{"rendered":"<p>Walter Palmetshofer fue administrador de sistemas en el Ars Electronica Center, trabaj\u00f3 durante 5 a\u00f1os como CTO de The Thing \/ thing.net y varios proyectos de arte y netactivismo en Nueva York, recopil\u00f3 varias experiencias iniciales, en datos abiertos desde 2010, estudi\u00f3 econom\u00eda y actualmente se encuentra en la Open Knowledge Foundation en Alemania. Walter [&hellip;]<\/p>\n","protected":false},"featured_media":4903,"comment_status":"open","ping_status":"closed","template":"","tags":[],"portfolio_entries":[65],"class_list":["post-4904","portfolio","type-portfolio","status-publish","has-post-thumbnail","hentry","portfolio_entries-thursday-es"],"_links":{"self":[{"href":"https:\/\/2017.transeuropafestival.eu\/es\/wp-json\/wp\/v2\/portfolio\/4904","targetHints":{"allow":["GET"]}}],"collection":[{"href":"https:\/\/2017.transeuropafestival.eu\/es\/wp-json\/wp\/v2\/portfolio"}],"about":[{"href":"https:\/\/2017.transeuropafestival.eu\/es\/wp-json\/wp\/v2\/types\/portfolio"}],"replies":[{"embeddable":true,"href":"https:\/\/2017.transeuropafestival.eu\/es\/wp-json\/wp\/v2\/comments?post=4904"}],"version-history":[{"count":1,"href":"https:\/\/2017.transeuropafestival.eu\/es\/wp-json\/wp\/v2\/portfolio\/4904\/revisions"}],"predecessor-version":[{"id":6046,"href":"https:\/\/2017.transeuropafestival.eu\/es\/wp-json\/wp\/v2\/portfolio\/4904\/revisions\/6046"}],"wp:featuredmedia":[{"embeddable":true,"href":"https:\/\/2017.transeuropafestival.eu\/es\/wp-json\/wp\/v2\/media\/4903"}],"wp:attachment":[{"href":"https:\/\/2017.transeuropafestival.eu\/es\/wp-json\/wp\/v2\/media?parent=4904"}],"wp:term":[{"taxonomy":"post_tag","embeddable":true,"href":"https:\/\/2017.transeuropafestival.eu\/es\/wp-json\/wp\/v2\/tags?post=4904"},{"taxonomy":"portfolio_entries","embeddable":true,"href":"https:\/\/2017.transeuropafestival.eu\/es\/wp-json\/wp\/v2\/portfolio_entries?post=4904"}],"curies":[{"name":"wp","href":"https:\/\/api.w.org\/{rel}","templated":true}]}}

<div>
<p>Walter Palmetshofer fue administrador de sistemas en el Ars Electronica Center, trabajó durante 5 años como CTO de The Thing / thing.net y varios proyectos de arte y netactivismo en Nueva York, recopiló varias experiencias iniciales, en datos abiertos desde 2010, estudió economía y actualmente se encuentra en la Open Knowledge Foundation en Alemania.</p>
<hr />
<p><strong>Walter Palmetshofer intervendrá el jueves a las 16:30h en el Auditorio CentroCentro: &#8216;<a href="https://2017.transeuropafestival.eu/es/eventos/evasion-fiscal-un-problema-europeo/">La evasión fiscal, una cuestión europea</a>&#8216;</strong></p>
</div>

<p>Walter Palmetshofer fue administrador de sistemas en el Ars Electronica Center, trabajó durante 5 años como CTO de The Thing / thing.net y varios proyectos de arte y netactivismo en Nueva York, recopiló varias experiencias iniciales, en datos abiertos desde 2010, estudió economía y actualmente se encuentra en la Open Knowledge Foundation en Alemania. Walter [&hellip;]</p>
